3?
1
Suppose -9*v - 184 = -12*v - z, 4*v - 4*z - 240 = 0. Calculate the remainder when v is divided by 32.
29
Suppose -5*d - 5 = 5*o, 3*d = o + 10 - 29. What is the remainder when (-1)/((-10)/(-8))*-5 is divided by o?
0
What is the remainder when 48 is divided by 396/(-88)*(-10)/3?
3
Suppose 0 = -17*u + 14*u + 84. What is the remainder when 223 is divided by u?
27
Let r(l) = 6*l**3 + 3*l**2 + 2*l + 1. Let x be r(3). Suppose 5*j - 359 = x. Suppose 8*t - 2368 + 2144 = 0. Calculate the remainder when j is divided by t.
27
Suppose 4*b - 12 = 0, 3*b - 51 = -9*d + 6*d. Calculate the remainder when d is divided by 2.
0
Suppose 151*p - 155*p + 88 = 0. What is the remainder when 43 is divided by p?
21
Calculate the remainder when 146 is divided by 48/312 - 2/((-26)/479).
35
Let a(s) = -s**2 + 61*s - 64. What is the remainder when a(23) is divided by 29?
27
What is the remainder when (-1 - (-15)/9)/(7/2016) is divided by 40?
32
Let b = 48 + -72. Let d = b - -18. Calculate the remainder when 76 is divided by 4/d - 240/(-9).
24
Let h(b) = b**3 - 7*b**2 + 22*b - 5. Calculate the remainder when h(5) is divided by 53.
2
Suppose 17 = -5*w - 3*d, -d + 20 = -6*d. Calculate the remainder when -1 + (-159)/w*8/24 is divided by 18.
16
Suppose 7*o - 82 = 149. Let i = -28 + o. What is the remainder when 11 is divided by i?
1
Let x be 76/28 - 0 - (-6)/21. Suppose x*h = 4*t + 85, -h = 4*h - 3*t - 127. What is the remainder when h is divided by 8?
7
Suppose 0 = p + 4*m - 43, -4*m - 19 = 4*p - 143. What is the remainder when p is divided by (-2 + 0)*11/(-2)?
5
Let x(g) be the second derivative of g**5/20 + 19*g**4/12 - 2*g**3/3 - 19*g**2 - 6*g. Calculate the remainder when x(-19) is divided by 13.
12
Suppose 1708 = 5*x - 2237. Calculate the remainder when x is divided by 12.
9
Let a be (3 - -33) + 0 + 2. Let i = a + -5. Let h = 60 - i. Calculate the remainder when h is divided by 15.
12
Suppose 0*v - 413 = -4*a + 3*v, -2*v + 331 = 3*a. What is the remainder when a is divided by 22?
19
Let x = 23 + -21. Suppose -u + 19 = -c + x, 5*u = -4*c + 67. Suppose -4*s + 0*b + 228 = -b, -b = -4. What is the remainder when s is divided by u?
13
Let o(r) = -4*r - 36. Let t be o(-10). Suppose -t*h + 116 = 3*v, 3*v = -0*v + 5*h + 98. What is the remainder when 139 is divided by v?
31
Let a(r) = r**2 + 10*r - 20. What is the remainder when 41 is divided by a(-12)?
1
Let s be (-118)/(-6) + (-4)/(-12). Let o = s - 18. Suppose f + 5*a = 13, 3*f - 19 = 2*f - o*a. What is the remainder when f is divided by 8?
7
Suppose 13 = z - 22. What is the remainder when z is divided by 2?
1
Suppose 25 = 2*i + 5*j - 28, 3*j = -i + 27. Calculate the remainder when 105 is divided by i.
9
Suppose -330 = 22*u - 52*u. Let r(c) = 8*c**2 + 3*c + 1. What is the remainder when r(-3) is divided by u?
9
Suppose -264 = -4*p - 3*b, -2*p - 12 = 4*b - 154. Let x = -149 + 218. Let d = x + -47. What is the remainder when p is divided by d?
19
Suppose u + 860 = 11*u. Calculate the remainder when u is divided by 4.
2
What is the remainder when ((-2)/6 + 1)/((-174)/(-3393)) is divided by 9?
4
Let h be -26*((-20)/(-8) - 2). Let m = -66 - -65. Let u = m - h. Calculate the remainder when 23 is divided by u.
11
Suppose 2*n = 2*t - 0*t + 10, 2*n = -5*t + 3. Suppose j = 1 + 3. What is the remainder when j is divided by n/(4*1/2)?
0
Suppose 3*j + 2*m = -2*j - 1541, 1243 = -4*j - 5*m. Let f = 211 + j. What is the remainder when f/(-6) - 2/2 is divided by 6?
3
Let a(g) = g**3 - 2*g**2 - 4. Let p = 89 + -86. What is the remainder when a(p) is divided by (-36)/(-21) + 6/21?
1
Let f(q) = 7*q**2 + q + 5. Let d be f(-5). Suppose -3*z - 2*z + d = 0. Suppose -27*i - 92 + 335 = 0. Calculate the remainder when z is divided by i.
8
Suppose -c - 42 = 2*c. Let u(b) = -b**3 - 14*b**2 + 19. Calculate the remainder when u(c) is divided by 8.
3
Let p = 54 + -28. Suppose 0*k = 3*o - 3*k - 84, 0 = o - 2*k - p. What is the remainder when o is divided by 11?
8
Let q = 45 - 17. Let x = -215 - -362. Let d = x - 92. What is the remainder when d is divided by q?
27
Let n(t) = 10*t - 33. What is the remainder when 72 is divided by n(7)?
35
Suppose 0 = 21*x - 22*x + 21. Let i = x - 19. What is the remainder when 3 is divided by i?
1
Suppose 3263 = 89*f + 860. Calculate the remainder when 213 is divided by f.
24
Let p be (-58)/87 + -2*(-34)/12. Suppose 6*h - 5*q + p = 5*h, -2*h = -4*q - 14. Calculate the remainder when 54 is divided by h.
9
Let r(j) = -29*j**2 - 4*j**2 + 12 + 49*j**2 - 18*j + j**3. What is the remainder when 142 is divided by r(-17)?
26
Let n(m) = 4*m. Let o be n(-5). Let b = o - -66. Calculate the remainder when b is divided by 17.
12
Suppose 52 = 2*c + 2*c - z, 2*c = 3*z + 36. Let t(x) be the first derivative of 5*x**2/2 - 2*x + 1. Calculate the remainder when t(7) is divided by c.
9
Let y = 227 - 326. Let x = -12 - y. Calculate the remainder when x is divided by (-10*(-11)/385)/((-3)/(-189)).
15
Let w = -11 - -13. Let g be 3/((-6)/(-4)) + 3. Suppose -3*k = k + g*u - 3, 5 = w*k - u. Calculate the remainder when k is divided by 2.
0
Suppose 4*g = l - 21, 5*g + 0*g + 5*l - 5 = 0. Let z(t) = -8*t + 3. Calculate the remainder when z(g) is divided by 9.
8
Let u = 316 - 274. What is the remainder when 137 is divided by u?
11
Let f = 25 + -15. Suppose -4*a + 34 = 4*r - 14, 5*a + 35 = 0. Calculate the remainder when r is divided by f.
9
What is the remainder when 927 is divided by -2 - 0 - -1*84/4?
15
Let k = -8 - -11. Suppose -k - 16 = z. Let f = z + 29. Calculate the remainder when 27 is divided by f.
7
Let d be ((-15)/6)/(2/(-12)) - -1. Suppose 4*w - 16 = d. Calculate the remainder when 54 is divided by w.
6
Suppose -l - 238 = -3*l. Suppose -n + p = -42, 2*n - l = -n - 4*p. Let y(z) = 20*z**2 - 12*z - 11. Calculate the remainder when n is divided by y(-1).
20
Suppose 12*z = 3*z + 558. What is the remainder when 227 is divided by z?
41
What is the remainder when (-4)/26 - (-130626)/351 is divided by 41?
3
Suppose -2*n + 0*n = 0, 5*o = 3*n + 400. Suppose 0 = -3*m - m - o. What is the remainder when 12 is divided by (-135)/m - (-1)/4?
5
Suppose 50 - 15 = -5*v. Let z be (-4 - v)*16/6. Suppose -z*p + 99 = -5*p. Calculate the remainder when p is divided by 18.
15
Let x(d) = -119*d - 469. What is the remainder when 740 is divided by x(-4)?
5
Suppose 0 = -p - 5*y + 13, 21 = -2*p + 7*p + 3*y. Suppose 0 = c - 2*z - 22, -31 - 20 = -p*c + 3*z. What is the remainder when c is divided by 7?
5
Let j(d) be the second derivative of 33*d**5/20 - d**3/6 + d**2/2 - 11*d. Calculate the remainder when j(1) is divided by 7.
5
Let w be (-171)/(-6) + 2/(-4). Suppose 34*p - 78 = w*p. Calculate the remainder when 34 is divided by p.
8
Let l(k) = -16*k**2 - 352*k + 41. Let v(p) = 5*p - 3. Calculate the remainder when l(-22) is divided by v(2).
6
Suppose 8*q = 33*q - 2850. What is the remainder when 219 is divided by q?
105
Calculate the remainder when ((-1)/(-1))/((-1)/(-101)) is divided by (-6)/45 - (-4)/(180/771).
16
Suppose -19*u - 75 = -24*u. Suppose -2*s + 1 + 5 = 0. Suppose 4*d - 3*f - 251 = 0, 2*f + s*f + 261 = 4*d. What is the remainder when d is divided by u?
14
Suppose -16*d + 14*d + 206 = 0. What is the remainder when 512 is divided by d?
100
Suppose 3*k - 2*i - 81 = 0, -3 = -2*k - 3*i + 51. Let j(h) be the second derivative of 13*h**3/6 - h**2/2 + h. What is the remainder when j(4) is divided by k?
24
Let l be 2/5 + 14/(-10). Calculate the remainder when (-1)/(l - 0) - -68 is divided by 23 + -14 + -4 + 13.
15
Suppose -2*y + 4*z + 72 = 0, 4*y - 274 + 94 = -4*z. What is the remainder when y is divided by 37?
5
Suppose 3*a = 3*z - 117, 39 = -2*z + 3*z - 2*a. Let o = -14 - -14. Suppose -5*k + 17*k - 240 = o. Calculate the remainder when z is divided by k.
19
Suppose 0 = 4*q + 22 - 374. What is the remainder when 104 is divided by q?
16
Suppose -5*y = -254 + 54. Suppose u - y = -u. Let t = u + 2. What is the remainder when 86 is divided by t?
20
Let k = 474 - 427. What is the remainder when k is divided by 4/18 - (-106)/9?
11
What is the remainder when (-2)/(-8) + (6310/40 - 1) is divided by 23?
19
Let o = 1 + 1. Suppose -o*u + 78 = u. Suppose 13*g - 135 + 44 = 0. What is the remainder when u is divided by g?
5
Suppose -6*w + 11 - 71 = 0. What is the remainder w